 54) - -101.
46
What is (6 - 16 - (-84 - (-18 + -1 - -12))) + 12?
79
Calculate 1 + 0 + -6 - (-125 - -122) - 45.
-47
Evaluate 13 + (-26 - 5) + 12 + 0.
-6
Evaluate -7 + 21 + 9 + -21 + -9.
-7
Calculate 5 + (51 - 25) - (82 + 0).
-51
Evaluate 12 + 1 + (-19 + -15 - -31) + 10.
20
Evaluate 172 + -136 + (19 - 43).
12
Evaluate (67 + -59 - (4 - (4 + (-4 - 5)))) + -42.
-43
What is -2 + -40 - (5428 - 5605)?
135
What is the value of 30 + (149 - 226 - (-2 - 3))?
-42
What is 19 + (28 - 26) + -11 + 19 + 1?
30
Evaluate (-6 - (-6 + 5)) + (-7 - 25) - 0.
-37
Calculate 96 + (-98 - -75) + 1 + (4 - -1).
79
Calculate -26 + (24 - (-29 - -32)) - 21.
-26
What is the value of 24 + (-39 - -9) - -9 - 65?
-62
What is -11 + -2 + 78 + -4 + 59 + -65?
55
Calculate (-2 - -6) + (5 - (252 - 108 - (35 + -8))).
-108
What is the value of -31 - (31 + -67) - (36 - 0)?
-31
Evaluate 189 - (-32 + 94 + 88).
39
Calculate 62 + -70 + 51 - 40.
3
Calculate 134 + -133 + -3 + 104.
102
Evaluate -2 - ((-59 - -9) + 18 - 10).
40
Evaluate -35 + 201 + -170 + 1 + -2 + (-18 - -1).
-22
Calculate (6 - (21 + (-10 - 6) - -16)) + -13.
-28
Evaluate (-24 - -15) + -3 + 21 + (-15 - -19).
13
Calculate (3 + -17 - (-14 - (47 - 19))) + -8.
20
(22 - (-17 - 2 - (-36 - 67))) + 3
-59
What is -51 - (-72 - (-52 - -54))?
23
Calculate (109 - 146) + (3 - -67).
33
Evaluate (90 - 0) + (63 - 29 - 30) + 15 + -6.
103
Calculate 2 - (39 - -15 - 44).
-8
What is -3 - (-14 - (-33 - -29))?
7
-29 - 13 - -43 - -1
2
Evaluate -34 + (51 - 98) + 20.
-61
What is the value of (-2 + 0 - 12) + (50 - (2 - 17))?
51
What is the value of (14 - 6 - (77 + -68)) + (2 - 11)?
-10
What is (0 - -8) + 1 - (-52 + 10 - -49)?
2
Evaluate -26 - ((-21 - (-9 + 15)) + 8).
-7
What is 65 + 0 + 0 - (-150 + 223 + -68)?
60
Calculate 5 + (6 - 6) + 2 - (-49 - (-35 - -25)).
46
67 + -1 + -8133 + 7997
-70
-53 + (-23 - -27) + 50 - (1 + (33 - -2))
-35
-5 + -1 + -1 + (8948 - 8911)
30
What is the value of -54 + -21 + 27 + 32 - (1 + (0 - 4))?
-13
Calculate 0 + -97 + (118 - 73).
-52
Evaluate 4 + (-45 - -5) + (-81 - -88).
-29
What is -66 + (95 - 94 - -87)?
22
What is the value of (4 - 37) + 17 + (9 - -59)?
52
18 + (-3 - -2) + 167 + -163
21
Calculate (-6 - 31) + -1 + (352 - 381).
-67
What is the value of 69 + -58 + 14 + -4?
21
Evaluate -4 + 5 + -18 + (27 + -15 - -77).
72
What is 96 + 0 - (-2158 - -2179)?
75
What is the value of 1 - 5 - (23 - 16) - (-100 + 125)?
-36
What is the value of 16 + (217 - 210 - (1 + 0 - -1))?
21
-38 + (7 - -9) + -1 - -36
13
Evaluate -1 + (-115 - 1 - (11 + -14 + -29 + 36)).
-121
Evaluate (-11 - -9 - -17) + -6 + -19 + (55 - 2).
43
What is (151 - (-41 + 45 + -52)) + -51?
148
What is 14 + 69 + -69 + (8 - 2 - 5 - 124)?
-109
Calculate 134 + -117 + -123 + -6.
-112
Evaluate -136 + -1 + 28 + 71 + -78 + 4.
-112
Calculate 54 + 85 + -152 + (0 - -81).
68
5 + 3 + (-4 + 12 + -12 - -14) + 0
18
What is the value of 20 + 15 + -4 + 23 + 0?
54
What is the value of -344 - -444 - (4 + -25) - (-13 - -2)?
132
3 + -63 + 2 - ((53 - 78) + (12 - -2))
-47
-128 - -103 - (15 + -9 - -6 - -75)
-112
What is the value of -6170 - -6258 - (-1 - -40)?
49
Calculate 14 + 53 + -8 + -47.
12
What is the value of -5 + -38 + (28 + -40 - (-1 + 1) - -1)?
-54
What is (-5 - 0) + (-36 - -29) - -6 - 14?
-20
Calculate (-39 - -10) + 47 - 61.
-43
(69 - 73) + 65 + -142
-81
(117 - (22 + -10)) + (-4 - 3 - 13)
85
51 + ((-17 - -4) + -11 - -12 - 1)
38
What is the value of (-1 - 2 - (-13 + (5 - -11) + -8)) + 16?
18
Calculate 1 + -13 + -1164 + 1169 + -7.
-14
What is 9 - -5 - -38 - -4 - 18?
38
Calculate 87 - (-28 - -51 - -7 - 33).
90
51 - (-7 + ((-10 - -6) + -16 - -11))
67
Calculate -10 + -24 + 19 + 8 + 4.
-3
Evaluate 5 - (29 - 47 - (98 + 0)).
121
243 + -182 - ((-4 - (0 + -5)) + 16)
44
What is -134 - -7 - (14 - (31 - -5))?
-105
Evaluate 121 - (-2 + 7 + (13 - 1)).
104
Calculate 13 - (-6 + 2 - 0) - (144 + -135).
8
(-2115 - -2046) + 2 + (19 - -5)
-43
Evaluate (0 - -106) + -7 + 13 + 65 + -50.
127
Calculate -58 + -1 + (17 - -9 - 44) + (-5 - -23).
-59
Calculate (962 + -1016 - (-26 + 1)) + 125.
96
Calculate (238 - 233 - (15 - 2)) + (-29 - 1).
-38
-41 + 60 + -14 + (8 - 107)
-94
2964 - 2935 - (28 - -1)
0
Calculate 49 + (20 - 57) + 3 + 37.
52
Calculate (108 - (20 - -1)) + 23.
110
(56 - (-19 - -7)) + 9 - (-4 + 4 + 10)
67
Evaluate -2 - (-9 - 3) - ((69 - 4) + -4) - -9.
-42
What is -709 + 689 + 74 + -10?
44
61 + -153 + 157 + (-20 - -2)
47
What is the value of -68 + 4 + -8 - (-8 + 1 - (534 + -534))?
-65
Calculate 71 + (102 - 71) - 126.
-24
What is the value of (5 - -3) + 58 + -62 + (-8 - 6)?
-10
What is (-27 - (-26 + 7)) + 24 + -5 + (-1 - 2)?
8
What is 68 + (-14 - 120) + (4 - (0 - (1 - -3)))?
-58
Calculate -20 - (51 + (-31 - 22) - (0 + -13)).
-31
Calculate (880 - 804) + -104 + -3.
-31
(1 + (-16 - -7) - (18 - 20)) + 66
60
(26 - (-16 + 42)) + 42 + 19
61
What is the value of (100 - (31 - 11)) + -16 + -20?
44
What is -14 + 20 - (-332 + 370)?
-32
(59 - (-7 + 17)) + (-63 - 1)
-15
What is the value of 28 - 69 - -72 - 104 - -11?
-62
Calculate -171 + 178 + (-30 - -4).
-19
Evaluate (24 - 27) + -1 + -39 + 21 + -30.
-52
What is the value of (0 + -1 - 0) + 0 + -37058 + 37061 - -27?
29
Calculate (37 + -18 - 22) + -34.
-37
What is the value of 313 + -290 + -3 + -14?
6
What is 0 - 0 - (2 - -68) - (283 + 190 + -461)?
-82
3 - (-4 - (0 - (22 + -13)))
-2
What is the value of 503 - 517 - (0 - 0) - (-2 + -3)?
-9
Calculate -10 + 16 + -15 + (-279 - -157).
-131
What is 76 - 1 - (32 + -10 + -11 + 3)?
61
23 + -36 + 26 + -24
-11
What is the value of 18 + -22 + -32 + (116 - 92)?
-12
Evaluate 78 + -155 + 55 - (-48 + 2).
24
Calculate -7 - ((-14 + (0 - -5) - (-11 - -14)) + 5).
0
(76 + -211 - -218) + 17
100
What is the value of (-6 - 1) + (-4 - -27) + 16?
32
What is the value of -47 + (6 - -10 - (-82 + 88))?
-37
What is 1401 + -1373 + (-31 - (3 - 3))?
-3
What is (3 - 3) + -13 + 0 + (34 - 89 - -40)?
-28
Calculate 5 - (-1 + -8 + -1 + 22 + -1 + 2).
-8
Calculate -52 + (42 - -3 - 43).
-50
What is (-11 - (-82 - 1 - (25 + -33))) + (8 - 18)?
54
What is the value of 11 + -10 - (-34 + (-2 - -27))?
10
What is the value of (12 - ((-14 - -15) + -5 + 8 + -51)) + -7?
52
What is the value of 2 + (-1 - -1 - ((13 - (-18 + 32)) + -45))?
48
-7 + 1 + 53 + -68 + 52
31
103 - (-34 + -11 - -73)
75
What is the value of 4 + (-10 - (-2 - 14)) + -5?
5
What is -17 + -78 + 10 - (22 - 2) - -3?
-102
What is -17 + -5 + 13 + -1 + 5 + -20?
-25
Calculate -46 + (165 - -1 - 64).
56
Calculate 175 - 324 - (-55 - -12).
-106
What is the value of 2 + -7 + 8 + (-14 - -1 - -7 - 22)?
-25
Calculate -378 + 394 + (-10 - 1) + -25 - 10.
-30
Calculate 24 + -41 + (-7 - (29 + -13)).
-40
What is the value of 57 - ((-3 - -3) + 0) - (83 + -40 + -40)?
54
Evaluate -8 + -8 + -7 + 9 + 17 + -17.
-14
Calculate (158 - -1) + (3412 - 3528).
43
What is the value of 0 - -8 - (-140 - -148 - (8 + 1) - -29)?
-20
Evaluate 4 + 5 + 5 + -3 + 6 - -15.
32
What is the value of 13 - 57 - (33 + -91)?
14
Evaluate 80 + -13 - 46 - (-5 + 84).
-58
Calculate 57 + -207 - -49 - -67.
-34
(-4 - 1) + (-43 - (-22 - -6)) + 18
-14
(76 - -121) + -130 + (0 - -3)
70
What is the value of -3 - (4 - 8) - (-3 + (43 - 0))?
-39
Calculate 31 - -1 - ((-58 - -66) + -13 + 1).
36
Calculate 19 + -17 + -11 + (64 - 64) + 0 + 0.
-9
What is ((6 - 12) + (-20 - (-8 - 13)) - -88) + -13?
70
What is -87 + -2 + (-1663 - -1747)?
-5
Evaluate -5 - (23 + (-13 - 18)) - -29.
32
Evaluate 0 + -12 - (-377 + 271 + 115).
-21
10 + (34 + 11 - 7) + -3 + -3 + 7
49
-19 - (14 + -3 + 3 + 49 + -48)
-34
Evaluate (-19 - -93) + (-17 - 44).
13
Evaluate -84 + (20 - 25 - -56).
-33
What is the value of (56 - (91 - -15)) + -3?
-53
(350 - (-6 + 61)) + -153
142
Evaluate 10 + -21 + -2 + 126 + (50 - 49).
114
What is the value of 11 - (-4 + 8 + -7 + 34)?
-20
What is -1 + 8 + (-58 + 0 - -64) + -21?
-8
What is the value of -44 - (1 - 88 - -64)?
-21
-13 + (-48 - -71) + -22 + (-57 - -1)
-68
Calculate -69 + (-93 - (-59 - 115)).
12
What is the value of -36 + (2 + 17 - (-30 + 41))?
-28
What is the value of (35 - 39) + -2 + -6 + 5 + 25 + -7?
11
What is 94 + (-71 - -11) + -117 + -3?
-86
-2 - (-59 + (160 - 90) - (16 + 1 + 0))
4
What is 47 - 0 - (23 + (5 - -11) + -5 + -46)?
59
Calculate 35 + -22 - (24 - 11) - 25.
-25
9 - -53 - (36 + -46) - 7
65
What is -47 - ((12 - -15) + -53 + 12) - (3 + -1)?
-35
Calculate (17 - 17) + 9 +